 be a(8). Suppose 5*m = -t + h + 106, 3*m - t = 76. List the prime factors of m.
2, 3
Suppose -4*z + 23 = 5*k - 22, 0 = 2*k - 10. Suppose 12 + 13 = z*t. Suppose 20 + 33 = t*h + 2*s, 0 = h - s - 5. What are the prime factors of h?
3
Suppose -2*y = 2*y - 104. List the prime factors of y.
2, 13
What are the prime factors of ((-3)/(-6))/((-1006)/(-1004) + -1)?
251
Suppose 3 = 4*d - 7*d. List the prime factors of (d - -3)/((-8)/(-80)).
2, 5
Let q = 302 + -91. List the prime factors of q.
211
Suppose -209 + 595 = 2*b. What are the prime factors of b?
193
Let u be (3/2)/(9/(-24)). What are the prime factors of (-73)/u - (-1)/(-4)?
2, 3
Let x be -1 - (2 + 18/(-2)). Let c = x - -2. Let u = 2 + c. What are the prime factors of u?
2, 5
What are the prime factors of 1078/12 - 2/(-12)?
2, 3, 5
Let n = -1 + 7. Suppose 40 = c - n*c. What are the prime factors of (-2)/6*-3 - c?
3
Let c(s) = -s**3 + 9*s**2 - s + 11. Let z be c(9). Suppose 0*a - 33 = -5*b + 2*a, -2*b - z*a + 16 = 0. What are the prime factors of b?
7
What are the prime factors of 1 + 1 - (7 + -76)?
71
Let d = -4 - -8. What are the prime factors of (-2 + d)/((-2)/(-15))?
3, 5
Let q(y) = y**3 - 6*y**2 + 4*y + 7. Let v be q(5). What are the prime factors of v/2*(15 + 8)?
23
Suppose 17*c = 14*c + 255. List the prime factors of c.
5, 17
Let t = 40 + -24. Suppose -2*u + 4*u = t. What are the prime factors of u?
2
Let q(i) = i**3 - 4*i**2 - 6*i + 7. Let s be q(5). Suppose -5*g = s*j - 3*g - 10, g = -5. List the prime factors of j.
2, 5
Suppose 2*l - 4*v - 7 = -1, 0 = 3*v + 9. List the prime factors of 78/8*(-8)/l.
2, 13
Let w = 8 - 10. Let y be (-3 + w)*2/5. What are the prime factors of y/13 + (-275)/(-13)?
3, 7
Let t(h) = -3*h - 7. Let d(a) = -2*a - 5. Let w(c) = 7*d(c) - 5*t(c). Let v be w(-1). List the prime factors of v/(1/(-6)) - -2.
2
Suppose 5*j = 2*m - 84 - 241, -316 = -2*m + 2*j. What are the prime factors of m?
5, 31
Let l(p) = -p + 2. Let y be l(-8). Suppose 4*n = -n + y. Suppose 6*k = n*k + 28. What are the prime factors of k?
7
Suppose l - 4*l - 2*p - 1 = 0, 4*p + 8 = -4*l. Suppose 0 = l*w + 3 - 0. List the prime factors of ((-30)/3)/(-2) - w.
2, 3
What are the prime factors of ((-8)/(-6) + -2)/((-2)/105)?
5, 7
Let q(o) = -o**2 + 4*o + 3. Let b be q(4). Suppose -g + b*w + 18 = 2*g, 0 = -2*g - 2*w + 12. List the prime factors of g.
2, 3
Let f(t) = -3*t - 17. Let b(u) = -u - 1. Let c be (2 + -1)*(-4)/4. Let q(m) = c*f(m) + 4*b(m). What are the prime factors of q(0)?
13
Suppose -5*g + 0*g + 10 = 0. Suppose g*a - 4*a + 35 = -5*i, -3*a - i + 95 = 0. Suppose 5*d = -z + a, 5*z = -0*z + 25. List the prime factors of d.
5
Let b(k) = -3*k + 12. What are the prime factors of b(-7)?
3, 11
Suppose -4*j - 14 = -y - 3*j, -5*y + 60 = -3*j. What are the prime factors of 1 - (-6)/y*3?
3
Suppose 0 = 2*m - 5 - 33. What are the prime factors of m?
19
Let j(x) = -3*x - 1. Let m = 2 + -3. List the prime factors of j(m).
2
Suppose -7*o = -11*o + 8. Suppose -o*p + 6*p - 108 = 0. What are the prime factors of p?
3
What are the prime factors of (-2*2/2)/((-2)/17)?
17
Suppose 3*z - 20 = -2*z. Suppose -26 = 5*t - 3*l - 88, -5*l = z*t - 20. List the prime factors of t.
2, 5
Let i be ((-16)/(-20))/(4/10). Suppose -i*g + 51 = -3*m, 2*g + 5*m - 11 = -0. What are the prime factors of g?
2, 3
Let o(c) = -6*c + 13. What are the prime factors of o(-9)?
67
Suppose 0 = 3*c - 7*c. Suppose c = 2*w + 3*u - 33, -2 = 2*w + 5*u - 37. List the prime factors of w.
3, 5
Let v(r) be the second derivative of -r**5/10 - r**3/6 + r**2/2 + 2*r. List the prime factors of v(-2).
19
Let b = 9 - 7. Suppose -24 = -2*h + 2*d, -b*h - 5*d - 24 = -4*h. What are the prime factors of h?
2, 3
List the prime factors of (-2224)/(-20) - (-2)/(-11 - -1).
3, 37
Let x = 264 - 181. What are the prime factors of x?
83
Let r = -17 - -33. List the prime factors of r.
2
List the prime factors of 10784/72 + (1 - (-21)/(-27)).
2, 3, 5
Let f = -8 + 13. Suppose 4*v + f*p + 135 = 6*v, -2*v = p - 117. Suppose -8 = -3*i + q + 3*q, 5*i = -5*q + v. List the prime factors of i.
2
Let u = 8 - 3. Suppose -4 - 11 = u*n. What are the prime factors of 21/(-9)*n + -3?
2
Suppose 5*i + 8 = -2, 2*i = 3*t - 256. What are the prime factors of 100/(-30)*t/(-10)?
2, 7
Let c(v) = 0*v + 3*v + 0*v - 6. Let k be c(7). Let b = k - 4. What are the prime factors of b?
11
Let s = -50 - -70. What are the prime factors of s?
2, 5
Let j = -7 - -13. List the prime factors of 2/(-1 + j/5).
2, 5
Suppose 7 = 2*o - 4*h - 1, 3*h = 0. Suppose -3*g + 70 - 9 = o*l, 0 = 3*g - 3*l - 96. List the prime factors of g.
3
Let p = 49 + -35. Suppose 0*d + p = 4*k - 3*d, 0 = -2*k + 4*d + 12. What are the prime factors of k?
2
Suppose -5*g - 22 + 52 = 0. Let v = g - 2. Suppose v*r = 2*r + 8. What are the prime factors of r?
2
Suppose 120 = -2*u + 4*u. Suppose 5*n - 5 = u. What are the prime factors of n?
13
Suppose -2*y + 4*w = -4*y + 4, 3*w = -5*y + 10. What are the prime factors of y?
2
Suppose 4*z - 49 = 71. Suppose 5*y - z = 15. Let m = 15 - y. What are the prime factors of m?
2, 3
Let i be 2/(-3 + 0 + 2). Let l be 2 + 0 + i + 3. What are the prime factors of (-3 - -2)/((-1)/l)?
3
Let d(r) = -r**2 - 7*r + 4. Let i = 60 - 36. Suppose q = 5*q + i. What are the prime factors of d(q)?
2, 5
Let f(o) = -5*o**3 - 13*o**2 - 12*o - 5. Let j(a) = 11*a**3 + 27*a**2 + 24*a + 9. Let d(z) = 9*f(z) + 4*j(z). List the prime factors of d(-8).
23
Let l(w) = w**3 - 5*w**2 - 6*w + 1. Let j be l(6). What are the prime factors of (0 - 3) + j + 21?
19
Let g = 130 - 77. Suppose -5*v + 57 + g = 0. What are the prime factors of v?
2, 11
Let h = -18 - -10. What are the prime factors of (h/(-6))/((-14)/(-147))?
2, 7
Let q be (9/3)/1 - 1. Let u be (0 - (-7 + q)) + -2. Suppose u*s + s = 48. List the prime factors of s.
2, 3
Let n = 13 - 9. Let j(l) = n + 5 + l**3 + 2*l - 10. List the prime factors of j(2).
11
Let g(f) = f**3 - 6*f**2 + 3. Let l be g(6). What are the prime factors of 12 - ((-3)/l + 0)?
13
Suppose -1 + 11 = 2*d. Suppose 2*r - d*r + 30 = 0. List the prime factors of r.
2, 5
Suppose 3*x = -0*x + 6. Suppose 3*i + 5*p = i - 17, x*i + 7 = -3*p. What are the prime factors of i?
2
Let f(u) = u**2 - 2*u - 3. Let a be f(5). Let c = a + -7. Suppose -3*y + 5*o - 1 = -6, c*y - 35 = 3*o. List the prime factors of y.
2, 5
Let f be (-4 + 1)/(6/16). List the prime factors of (-137)/(-9) - f/(-36).
3, 5
Suppose q - 6 = -2*q. What are the prime factors of q + (30/3)/2?
7
Suppose -b - 2*b + 9 = 0. List the prime factors of b.
3
Let c(h) be the third derivative of 5*h**4/24 - 13*h**3/6 - 2*h**2. Let o(x) = -4*x + 12. Let w(k) = 5*c(k) + 6*o(k). What are the prime factors of w(-5)?
2
Let o(r) = 2*r**2 + 2*r - 2. Let n(g) be the second derivative of -g**3/3 + g**2/2 - 3*g. Let m be n(2). What are the prime factors of o(m)?
2, 5
Let u = 579 - 289. What are the prime factors of u?
2, 5, 29
Let q(g) = 21*g**2 + 2*g + 1. Let l(w) = w**3 - w**2 - w. Let a be l(-1). Let u be q(a). Let c = -12 + u. What are the prime factors of c?
2
List the prime factors of (-2 + 48/20)*10.
2
Suppose 0 = 5*g + 172 - 822. List the prime factors of g.
2, 5, 13
Let j be (1 + 0)/((-6)/(-12)). Let t be (-2)/8*j*12. What are the prime factors of (-4 - t) + (2 - -1)?
5
Suppose -2*t + 2 + 2 = 0. Suppose 0*l = 2*l. Suppose 8 = t*s + 3*m - 11, 5*s + 3*m - 25 = l. What are the prime factors of s?
2
Let u = 0 - -5. Suppose -k = -4*z + 146, -2*k - 50 = u*z - 226. List the prime factors of z.
2, 3
Suppose -4*j + 2*j = -h + 3, 0 = -2*h - 5*j + 15. What are the prime factors of h?
5
Suppose 263 = 12*h - 85. List the prime factors of h.
29
Let k(a) = 2*a**2 + 5*a + 6. What are the prime factors of k(6)?
2, 3
Suppose 0 = -c - 3*l + 70, -5*c = -c - 5*l - 280. What are the prime factors of c?
2, 5, 7
Let k(b) be the second derivative of b**3/6 - 2*b**2 - 2*b. Let r be k(-6). Let f = 21 + r. What are the prime factors of f?
11
Suppose 6*f - 1116 = 6. Suppose 5*k + 69 = 2*a, -26 - f = -5*a - k. What are the prime factors of a?
2, 3, 7
Suppose -i + 5*y = 4*y - 16, -5*y = 5. List the prime factors of i.
3, 5
Let h = 151 + -44. List the prime factors of h.
107
Let h(j) = -j + 1. Let u be h(8). Let t = 13 + u. What are the prime factors of t?
2, 3
Let l = 8 - 5. Suppose -3*i - 4*d = -29, -l